
In base 16, what is 2b + -38846a?
-38843f
In base 16, what is 90efa + 11?
90f0b
In base 7, what is -2 + -1006440624?
-1006440626
In base 5, what is -2110423 + -3310?
-2114233
In base 6, what is 3 - -2242430145?
2242430152
In base 3, what is -22021101202 + 22022?
-22021002110
In base 5, what is 10 - 4214221032?
-4214221022
In base 12, what is -11295 + 1525?
-b970
In base 12, what is 31 - 233949?
-233918
In base 6, what is -525103402 - 2?
-525103404
In base 10, what is -23916751 + 3?
-23916748
In base 13, what is 1 + -2022612?
-2022611
In base 14, what is -3c2 + -32d3b?
-3331d
In base 5, what is 24112 + -1033332?
-1004220
In base 12, what is 6847 - 1b4?
6653
In base 9, what is 273606 - -278?
273885
In base 11, what is -2 + 1505424?
1505422
In base 12, what is 9802 - 82?
9740
In base 15, what is 6 - 5cae88?
-5cae82
In base 7, what is -1325463 - 1623?
-1330416
In base 10, what is 9429816 + -1?
9429815
In base 7, what is 2041 + 1563630?
1566001
In base 9, what is 4 - 27038733?
-27038728
In base 6, what is 43 + 51550035?
51550122
In base 4, what is 12023013 - -331?
12030010
In base 4, what is -120103020320332 + 0?
-120103020320332
In base 14, what is -466b + -c10?
-547b
In base 11, what is -13638 + 3aa?
-13239
In base 15, what is -2568 - -3b3a?
15c2
In base 3, what is 102010220102 + -21100?
102010122002
In base 11, what is 3 - -2a73246?
2a73249
In base 11, what is 8245880 + 5?
8245885
In base 12, what is -1 - -18409470?
1840946b
In base 16, what is 5 - 3d153ea?
-3d153e5
In base 3, what is -11221 - -10001200101?
10001111110
In base 3, what is 2100220022220102 - 0?
2100220022220102
In base 4, what is -1013023120 - -200?
-1013022320
In base 16, what is -13cc2b + -c?
-13cc37
In base 5, what is 12000 + 340012?
402012
In base 15, what is 86a - -2ac5b?
2b5c6
In base 10, what is -2248344 - 2?
-2248346
In base 3, what is -10210 - -1211110022110?
1211110011200
In base 9, what is 7 - 8345338?
-8345331
In base 2, what is -11 - -110100110100000010010001111?
110100110100000010010001100
In base 8, what is 110150 - 320?
107630
In base 10, what is 23 - 528590?
-528567
In base 15, what is 2aa - 437b?
-40c1
In base 15, what is c + 14c968e?
14c969b
In base 10, what is -16483 + -52579?
-69062
In base 8, what is -2 - -11207433?
11207431
In base 15, what is -114 + 2c6a9?
2c595
In base 2, what is 110010001111 + -1000100000010111?
-111101110001000
In base 2, what is 101001001001001110011010011 - 0?
101001001001001110011010011
In base 8, what is -166 + -130100?
-130266
In base 12, what is 1 + 30a2671?
30a2672
In base 15, what is -20e + -1adc?
-1ceb
In base 9, what is -1126043 - 6?
-1126050
In base 11, what is 39666 + 2a0?
39956
In base 7, what is -656143 + 122?
-656021
In base 16, what is -79c + 22c3a?
2249e
In base 8, what is 11441534650 - -4?
11441534654
In base 15, what is 13b12 + -9?
13b08
In base 5, what is 124044223 - 221?
124044002
In base 10, what is 6 + 7168738?
7168744
In base 14, what is -7 + -152bac?
-152bb5
In base 5, what is 1 + 3214300324?
3214300330
In base 5, what is 43102 - -1033032?
1131134
In base 14, what is 4b + -1365aa?
-13655d
In base 14, what is 2 - -2d3ac?
2d3b0
In base 3, what is 111010210121210 - 10?
111010210121200
In base 11, what is -2 - -1586353?
1586351
In base 8, what is -12717503 - -3?
-12717500
In base 8, what is -451163 - -1213?
-447750
In base 7, what is -2 - 61332322?
-61332324
In base 11, what is 222 + -65158?
-64a36
In base 15, what is -37238e + 5?
-372389
In base 9, what is -321644 - -2?
-321642
In base 10, what is -5833 + -14032?
-19865
In base 14, what is 8 - 3d3d8?
-3d3d0
In base 9, what is 5 + 5374255?
5374261
In base 12, what is 0 + 1976400?
1976400
In base 7, what is 11510514013 + -3?
11510514010
In base 4, what is -12210 - 121013303?
-121032113
In base 2, what is -101101101111101 + 111100011010?
-100110001100011
In base 9, what is -457432 + -630?
-458162
In base 5, what is 2124334 + 32311?
2212200
In base 15, what is 2600 - -3559?
5b59
In base 4, what is -23 + -312332103?
-312332132
In base 13, what is 5 + -5a0bc2?
-5a0bba
In base 5, what is 10231002 - -13?
10231020
In base 12, what is 1 + -7511ab?
-7511aa
In base 16, what is 581ab7 - -7?
581abe
In base 8, what is -3532614 + 0?
-3532614
In base 16, what is -1ca4a37 + -5?
-1ca4a3c
In base 8, what is -5476 - -103442?
75744
In base 8, what is 3 - 2701210?
-2701205
In base 14, what is -5 - -1930527?
1930522
In base 14, what is 6123 + -326?
5bdb
In base 16, what is -11b - 5a5fc?
-5a717
In base 8, what is -1512 - -75757?
74245
In base 5, what is -11 - -14022012041?
14022012030
In base 4, what is 333013 - -1300121?
2233200
In base 16, what is a1e2 - -94e?
ab30
In base 6, what is -245304 + 2535?
-242325
In base 13, what is -4841 + -2672?
-71b3
In base 5, what is 1112204433 + -101?
1112204332
In base 2, what is 10100000110001 + 10011001101100000?
10101101110010001
In base 14, what is 933 + 46aaa?
475dd
In base 9, what is 2865 + -6361?
-3385
In base 6, what is -141322 + 201?
-141121
In base 2, what is -111000 + 11111110101001000001?
11111110101000001001
In base 6, what is 215344432432 - 4?
215344432424
In base 7, what is -26134 - -665321?
636154
In base 7, what is 2 + -30504025?
-30504023
In base 5, what is 140043 - -3102040?
3242133
In base 12, what is 183 + 1079003?
1079186
In base 16, what is -5e5122aa + 2?
-5e5122a8
In base 11, what is 143632719 + 2?
143632720
In base 8, what is 363137 - -262?
363421
In base 4, what is -100030103 - -230?
-100023213
In base 5, what is 202111023 + 1243?
202112321
In base 12, what is -5 + 11a477?
11a472
In base 13, what is 0 + 63a0191?
63a0191
In base 10, what is -2022 + 21240?
19218
In base 16, what is 5882 + 26?
58a8
In base 14, what is -5 + 272591?
27258a
In base 13, what is 0 - -11b2bb61?
11b2bb61
In base 4, what is -132 - 330320232?
-330321030
In base 4, what is -333030100 + 210?
-333023230
In base 2, what is -10101010101000110101110 - 11110?
-10101010101000111001100
In base 16, what is 23e4d6 - 2?
23e4d4
In base 15, what is -2 + -6e6741?
-6e6743
In base 10, what is 1745 + 423074?
424819
In base 9, what is -2213530 + 7?
-2213522
In base 7, what is 1331 - 156142?
-154511
In base 13, what is -442292 + 0?
-442292
In base 14, what is -429 + 377d56?
37792b
In base 13, what is -75 - c41110?
-c41185
In base 16, what is 16b4 + 61e?
1cd2
In base 8, what is 3103146 - 5?
3103141
In base 7, what is 16 + -6363533?
-6363514
In base 15, what is 540 - 63db?
-5d9b
In base 10, what is -1 + -1861717?
-1861718
In base 5, what is -14022 - 10144?
-24221
In base 8, what is 41153 - 35032?
4121
In base 7, what is -43424221 - -4?
-43424214
In base 15, what is 53e7 - 11c5?
4222
In base 14, what is 17d90222 - 4?
17d9021c
In base 15, what is -20d1a - 125?
-20e40
In base 12, what is -116252 + 1b3?
-11605b
In base 6, what is -10520 - -204503?
153543
In base 16, what is -ba - -1680b6?
167ffc
In base 13, what is 4 - -61a54c9b?
61a54ca2
In base 11, what is -36aa2570 + -4?
-36aa2574
In base 4, what is 2 - 333310300203?
-333310300201
In base 16, what is -3 + d53df?
d53dc
In base 16, what is 5 + -1f89c3?
-1f89be
In base 4, what is 1310201230 - 1230?
1310200000
In base 7, what is 555556640 - -3?
555556643
In base 2, what is -100001011000101010000 - 101111?
-100001011000101111111
In base 3, what is -10012 - 1010010112000?
-1010010122012
In base 10, what is -215698 + -55?
-215753
In base 12, what is 1513b16 - -54?
1513b6a
In base 14, what is 9460 + 1794?
ac14
In base 13, what is 14b + 4545?
4693
In base 16, what is 2c + 1a0a7?
1a0d3
In base 10, what is 6 - 1000595?
-1000589
In base 14, what is 13 + 34bbb10?
34bbb23
In base 6, what is 33031 - -1410300?
1443331
In base 5, what is -32 - 12101010?
-12101042
In base 3, what is -20111210111100222 - -11?
-20111210111100211
In base 8, what is 0 + 4374022?
4374022
In base 7, what is -6250 + -260343?
-266623
In base 7, what is -533 - -315236?
314403
In base 4, what is 12 + 11333101322?
11333102000
In base 16, what is 4ae - 691?
-1e3
In base 2, what is 1101010101111001000011010 + 101?
1101010101111001000011111
In base 7, what is 44222041 + -106?
44221632
In base 16, what is -9861b - -12a?
-984f1
In base 6, what is 331522 + 234?
332200
In base 7, what is -1 + -100020202?
-100020203
In base 15, what is cb88a - -b8?
cb953
In base 10, what is -6